100011110010101110?
-100011101111011000
In base 7, what is -2126102 - 41?
-2126143
In base 10, what is -3515106 - -5?
-3515101
In base 4, what is -3202332 - -321131?
-2221201
In base 15, what is 537b7c - -11?
537b8d
In base 7, what is 445602153 - 3?
445602150
In base 13, what is 12 + 258c589?
258c59b
In base 2, what is 1100110 - -1101100011000010?
1101100100101000
In base 2, what is -1 - -1100101110100001011010?
1100101110100001011001
In base 3, what is -11 - 10111210221112?
-10111210221200
In base 11, what is -14 + -5aa5873?
-5aa5887
In base 9, what is 181212 + -154?
181047
In base 16, what is -5dfbd92 - -4?
-5dfbd8e
In base 15, what is -1c358 - -b5?
-1c293
In base 7, what is 2300020211 + 0?
2300020211
In base 7, what is -4310156 - -133?
-4310023
In base 4, what is -11331001 + 2121?
-11322220
In base 6, what is -255214411 - 2?
-255214413
In base 6, what is 1504 - -41445220?
41451124
In base 11, what is -a5811 + -88?
-a5899
In base 3, what is -2120001 - 2020220110?
-2100110111
In base 5, what is 3113124 + 11201?
3124330
In base 11, what is 480a256 - -8a?
480a335
In base 5, what is -10023202 - -210?
-10022442
In base 5, what is -10412042 - -23?
-10412014
In base 16, what is -6 - 59334?
-5933a
In base 7, what is -151420 + 2563?
-145524
In base 11, what is 44 - -1154a9?
115542
In base 6, what is -3124 - 1134122?
-1141250
In base 12, what is -8b3 - 3332?
-4025
In base 14, what is -4 + a37707?
a37703
In base 9, what is 5 + 688523?
688528
In base 6, what is 2 - -133001241?
133001243
In base 5, what is -3 + -324434102?
-324434110
In base 12, what is 1227a886 + 2?
1227a888
In base 9, what is 50638 + 672?
51421
In base 10, what is -3 - -2369984?
2369981
In base 13, what is 12 + 32b1c7?
32b209
In base 16, what is 6 + -fc22c?
-fc226
In base 9, what is -212428426 - 3?
-212428430
In base 12, what is 0 - -a96aa3?
a96aa3
In base 4, what is 21012302 - -213?
21013121
In base 6, what is -1020213 - 133422?
-1154035
In base 10, what is -14443733 - -57?
-14443676
In base 16, what is -63bf0 - -42c?
-637c4
In base 12, what is 848133 - 6?
848129
In base 10, what is -54 + -5936?
-5990
In base 16, what is -11 + 36b1b7?
36b1a6
In base 8, what is 5 - 164615634?
-164615627
In base 13, what is -2cc910 + -39?
-2cc949
In base 7, what is 121131345 - 20?
121131325
In base 2, what is 1 - 1010001100110111111100?
-1010001100110111111011
In base 13, what is 95876 + -201?
95675
In base 14, what is -776 + -3c2?
-b58
In base 2, what is 1000101000111001111000 + -1?
1000101000111001110111
In base 13, what is 4 - 3c251?
-3c24a
In base 5, what is -12140401 - 130133?
-12321034
In base 13, what is 20895 + 6975?
2753a
In base 11, what is -3466963 - 3?
-3466966
In base 5, what is -4 + -103312140132?
-103312140141
In base 7, what is -414 + -5052412?
-5053126
In base 5, what is 1132122003 + -413?
1132121040
In base 4, what is 3303 + -232311213?
-232301310
In base 6, what is -13352 + -53445?
-111241
In base 15, what is c2dc + b4?
c3a1
In base 2, what is 11110100011111100010111 + 1101?
11110100011111100100100
In base 11, what is 17230016 - 5?
17230011
In base 10, what is 39527 - 527?
39000
In base 13, what is 1747266 + 5?
174726b
In base 4, what is 13212303231 - -1020?
13212310311
In base 2, what is 110100 + 1000000011010101001110?
1000000011010110000010
In base 9, what is -12884 + -7111?
-21105
In base 9, what is 118518772 + -4?
118518767
In base 7, what is -614043063 - -1?
-614043062
In base 7, what is -2 + 54100110?
54100105
In base 9, what is 6 + -237044616?
-237044610
In base 15, what is -2 - -17adac5?
17adac3
In base 12, what is -124 + -26819?
-26941
In base 9, what is -15607303 - -6?
-15607286
In base 11, what is -5 - 68318015?
-6831801a
In base 14, what is -1277 + -679d?
-7a36
In base 13, what is -aa981 + -1001?
-ab982
In base 7, what is 3221423 - 0?
3221423
In base 9, what is -17 - -713587?
713570
In base 2, what is 11001 - -111100011100110100?
111100011101001101
In base 16, what is 68d13 - -64d?
69360
In base 8, what is 5 + -6343061?
-6343054
In base 12, what is -1 - -ba90755b?
ba90755a
In base 4, what is -202 - 230232132133?
-230232133001
In base 8, what is 10153455 - -372?
10154047
In base 16, what is aabe10c4 + -4?
aabe10c0
In base 11, what is -139115342 - 2?
-139115344
In base 10, what is 381360 - 262?
381098
In base 4, what is 20 - -2101130000122?
2101130000202
In base 16, what is 239 + 4821?
4a5a
In base 7, what is -1 + 416524401?
416524400
In base 3, what is -1012 + -20111201010?
-20111202022
In base 14, what is 2 - -1871861?
1871863
In base 9, what is -1345 + -244646?
-246102
In base 14, what is -21b - 2a5026?
-2a5243
In base 16, what is -3bc577 - -5?
-3bc572
In base 3, what is -1221222100212122 - 100?
-1221222100212222
In base 16, what is -a3a - -1e07?
13cd
In base 4, what is 13032012220133 - 1?
13032012220132
In base 10, what is -242 - 1196287?
-1196529
In base 9, what is 71222 - 36?
71175
In base 12, what is 1 + -2020898?
-2020897
In base 14, what is -3 + 20d99b?
20d998
In base 13, what is -503 - 451?
-954
In base 7, what is -14403 - 254022?
-301425
In base 12, what is 9b0 + 195b?
274b
In base 9, what is -2476 - -64448?
61862
In base 2, what is -1010110101011100 - 100110100?
-1010111010010000
In base 7, what is -143 + -5516066?
-5516242
In base 6, what is -405053511 + -101?
-405054012
In base 6, what is -5441023 + -202?
-5441225
In base 14, what is 1b4c7 + -531?
1ad96
In base 10, what is -25764 + 586?
-25178
In base 5, what is 2032102 + -32142?
1444410
In base 12, what is -5 + -a650a8?
-a650b1
In base 13, what is -4858 + 322?
-4536
In base 11, what is -2 + -3a9a669?
-3a9a670
In base 7, what is -1204244 - 143?
-1204420
In base 11, what is 4 - 1764112?
-1764109
In base 2, what is -11001010001100010 + -11000010?
-11001010100100100
In base 7, what is -4260413 - -110?
-4260303
In base 12, what is 3158 + -14a6b?
-11913
In base 6, what is 1 + 324513421?
324513422
In base 15, what is 1a0cabd - -1?
1a0cabe
In base 2, what is 11001100 - -1000010010010101001?
1000010010101110101
In base 15, what is 753 - 2e?
724
In base 12, what is -2323 - 51645?
-53968
In base 2, what is -10 - -10010011101010010001?
10010011101010001111
In base 10, what is 433627 + 131?
433758
In base 2, what is 10010010110001011001000010 + -100?
10010010110001011000111110
In base 16, what is -44 + 10c8a?
10c46
In base 8, what is 2621477074 + 3?
2621477077
In base 2, what is -101 + 1110001011000011011111100111?
1110001011000011011111100010
In base 11, what is -4a - -25751?
25702
In base 16, what is -47250d - -7?
-472506
In base 10, what is -124 - -143335?
143211
In base 11, what is 1640813 + -6?
1640808
In base 4, what is -120012 - 20203230?
-20323302
In base 7, what is -1426416 - -105?
-1426311
In base 4, what is -213130222 - -2?
-213130220
In base 16, what is 19ec - 6d65?
-5379
In base 10, what is 2499090 + -50?
2499040
In base 12, what is 4 - -1a9b173?
1a9b177
In base 9, what is 15 - 5263762?
-5263746
In base 3, what is -1210221212 + 102200?
-1210112012
In base 10, what is 30805 + 78?
30883
In base 2, what is 10010000101 + 1000011111111?
1010110000100
In base 15, what is -949 + 1106?
6ac
In base 13, what is 26197204 + -3?
26197201
In base 2, what is 10000001001000 - 1001000101001001?
-111000100000001
In base 3, what is 2 + -2121112211111?
-2121112211102
In base 10, what is 793007 + -8?
792999
In base 15, what is -5790e83a - -1?
-5790e839
In base 16, what is -1642d + 1479?
-14fb4
In base 6, what is -10152355 - 301?
-10153100
In base 9, what is -320662044 - -4?
-320662040
In base 15, what is 3 + -249e46?
-249e43
In base 16, what is -9d61 + 2?
-9d5f
In base 9, what is -27280 + -802?
-28182
In base 13, what is 477b7 - 44b?
47369
In base 5, what is 224341234 - 42?
224341142
In base 16, what is -fa6eb + ba?
-fa631
In base 5, what is 21404100 + 3013?
21412113
In base 10, what is 468306 - -91?
468397
In base 3, what is -1110112 + -100102011212?
-100110122101
In base 15, what is 4265a188 + 4?
4265a18c
In base 7, what is 3 - -41351354?
41351360
In base 16, what is -3 - 1aeebe?
-1aeec1
In base 14, what is -5b + -75918?
-75975
In base 4, what is -13202021 + 2002?
-13200013
In base 4, what is -10 + 2323131211?
2323131201
In base 5, what is 0 + 42404233002?
42404233002
In base 6, what is 1151314340 - -10?
1151314350
In base